 -q - 11. What is w(q)?
17
Suppose 3*h - 4*v = -3*v + 13, 0 = 3*h + 2*v - 1. Let d(c) be the second derivative of 0*c**2 - 1/10*c**5 + 4*c + 0 + 0*c**h + 1/12*c**4. What is d(-1)?
3
Let a be 6/15*(16 - 1). Let i(b) = -a + b + b - 3*b. What is i(0)?
-6
Let n(j) = -j**2 - 6*j - 6. Let k(c) = c**2 + 7*c + 7. Let h(t) = 5*k(t) + 6*n(t). Determine h(2).
-7
Let b(i) = i. Let q be b(-3). Let y(l) = -3*l + 3 - 14 + 7 + 1. Give y(q).
6
Let h be -4*(-4)/(6 + 2). Let s(i) be the first derivative of -1/2*i**h + 2 + 3*i. Determine s(3).
0
Let i(u) be the first derivative of 4*u**3/3 + u**2 + u - 3. Let t = -22 + 43. Let q be (-4)/14 + (-15)/t. What is i(q)?
3
Let s(u) = -u**2 - 21*u + 18. Let f be s(-22). Let x(z) = -z**3 - z**2 - z. Let d(l) = -3*l**3 - l**2 - 4*l + 5. Let w(q) = -d(q) + 4*x(q). Calculate w(f).
11
Let r(z) = -7*z - 4 + 3*z - z**2 + 9*z. What is r(3)?
2
Suppose -1 = 4*v - 17. Suppose -4*o + v*m = -32, -3*o - m = 4*m + 16. Let q(d) = o*d**2 + 2*d**2 - 6*d + 3*d - 3*d**2. Determine q(2).
2
Let i(v) = -v - 3. Let g be (5 + 3 - 1) + -3. Let n = g + -8. Calculate i(n).
1
Let p(g) = g**2 + 3*g - 3. Let m(r) = r**3 - 3*r**2 + 2*r - 4. Let l be m(3). Let s = 8 + -5. Let k be (s/(-9))/(l/30). Determine p(k).
7
Let b(w) be the first derivative of w**3/3 - 5*w**2/2 - w + 1. Let z(p) = -p**2 - 4*p + 10. Let v be z(-8). Let f = v + 28. Determine b(f).
5
Let b(m) = -m - 4. Let d(a) = -2*a - 13. Let f(k) = -4*b(k) + d(k). Let n be (-1)/4*-2*-4. Calculate f(n).
-1
Let l(a) be the third derivative of -a**8/6720 - a**7/840 + a**6/360 - a**5/30 - a**4/8 - 3*a**2. Let z(j) be the second derivative of l(j). Determine z(-4).
4
Let a(b) be the first derivative of 3 - b**2 - 1/3*b**3 - b + 5/4*b**4. Determine a(-1).
-5
Let h(k) = 5*k**2 - 11*k - 10. Suppose -5*j = -6*j + 1. Let w(p) = -p**2 + p + 1. Let g = 13 - 7. Let s(o) = g*w(o) + j*h(o). What is s(-5)?
-4
Let p(o) = -3*o**2 - 3*o**2 + 7*o**2 + 1 - 4*o + 0*o**2. Let w be p(4). Let i(d) = d**2 + d - 1. What is i(w)?
1
Suppose 0*k - k + 15 = 2*z, -4*k + 3*z = -16. Suppose 2*y + 1 = k. Suppose d + y = -5*x - 15, -2*x = -d + 10. Let j(m) = m**3 - 3*m**2 + 3*m. Give j(d).
2
Let j(z) = z**3 - 8*z**2 - 4*z + 7. Let b(h) = -4*h**3 + 33*h**2 + 17*h - 29. Let g(k) = -2*b(k) - 9*j(k). What is g(6)?
7
Let y(k) = -k**2 + k. Suppose -9*o + 3*o + 6 = 0. Give y(o).
0
Suppose p + 0*p = 2*u + 15, 0 = -4*p - 2*u + 10. Let h be (-5)/(-5)*p/1. Let g(z) = z**2 + 2 - 5*z - 2 + 6. Determine g(h).
6
Let w(h) = 5*h**3 - h**2 + 1. Suppose 5*s = 3*s + 5*t - 20, t = -s - 10. Let d = s - -9. What is w(d)?
-5
Let w = -3 - -11. Suppose 3*g = w*g. Let y(m) = -m**2 + m - 4. Calculate y(g).
-4
Suppose 2*j - 4*q = 4, 5*j + 9 + 6 = 5*q. Let d(u) = -u**3 - 9*u**2 - 8*u + 2. Let h be d(j). Let c(s) = 5 + h*s**2 - 3*s**2 + 0*s**2 - 3*s. Give c(-4).
1
Suppose -6*h = -4*h. Let v be -1*1*(h + -8). Let c = -6 + v. Let p(i) = -i**2 + 3*i - 3. Determine p(c).
-1
Let v(b) be the second derivative of -1/6*b**3 + 3*b - 1/2*b**2 + 0. Let l be 44/(-10) + 2/5. Calculate v(l).
3
Let l(j) be the third derivative of -j**9/60480 + j**7/5040 + j**6/90 - j**5/60 - 6*j**2. Let s(i) be the third derivative of l(i). What is s(0)?
8
Let p(g) = -g**3 - 3*g**2 - 3*g - 2. Suppose -9 = 5*y + 6. Give p(y).
7
Let m(g) be the third derivative of g**6/120 - g**5/20 - g**4/24 + g**3/3 - 3*g**2. Suppose 5*s - 6 - 9 = 0. Give m(s).
-1
Let y = 12 + -18. Let q(i) be the first derivative of i**2/2 - 6*i + 2. What is q(y)?
-12
Suppose -q = 2 - 4. Suppose q*s = 6*s - 16. Let n(v) = 2*v + 4. Let d(l) = 11*l + 23. Let u(p) = -6*d(p) + 34*n(p). Determine u(s).
6
Let n be 90/(-8) - (-1)/(8/(-6)). Let y = 0 - 4. Let a be y/(-3)*18/n. Let m(k) = -3*k + 2. Give m(a).
8
Let a(t) be the second derivative of 0 + 2*t**3 + 3*t + 1/2*t**2. What is a(-1)?
-11
Let l(d) = -d**2 - 5*d + 5. Let u be l(-5). Suppose -6 = 5*z - 31, -5*i + u*z - 5 = 0. Suppose c - i*c = 3. Let q(p) = 7*p**3 - p. Give q(c).
-6
Let b be (-6)/(-4) - (-3)/2. Let m(z) = -4 - z + 0*z - 3*z + b*z. What is m(-2)?
-2
Let g(s) = -s**3 - s - 2. Let i(a) = a**3 - 7*a**2 - a + 5. Let w be i(7). Determine g(w).
8
Let d(q) = -2*q. Let p = 8 - -2. Let k be (-42)/4*(-4)/3. Let w = k - p. Determine d(w).
-8
Let d(n) = n**3 + 5*n**2 + n - 2. Let h = 5 + 0. Suppose -3*j = h*r + 2*j, -j = -3*r + 12. Let b = r + -6. Give d(b).
13
Let u(c) = 8*c**2 - 5*c - 5. Let n(k) = 7*k**2 - 4*k - 4. Let j(o) = 6*n(o) - 5*u(o). Give j(-2).
7
Let r(s) = s**2 - 3*s - 11. Let v be r(6). Let h(q) = q - 4. Determine h(v).
3
Let s(m) = -9*m + 12 - 6*m + 14*m - m**2. Calculate s(0).
12
Let x(g) = 7 - 6*g**2 - 4*g - 5*g**2 + 7*g + 10*g**2. Suppose 22 = -3*l - 5. Let c = l + 14. Calculate x(c).
-3
Let x(t) = t**2 + t - 8. Let b be x(-4). Let l(j) = j - 9. What is l(b)?
-5
Suppose 0 = 4*i + r - 12, 8*i + 3*r = 3*i + 15. Let t(x) = -3*x**3 - x**3 + 4*x**2 - x + 0*x**3 - i*x**2 + 1. Calculate t(1).
-3
Let t(q) = 5*q**3 + 3*q**2 - q - 8. Let v(b) = b**3 - b - 1. Let g(s) = t(s) - 6*v(s). Let d be g(4). Let c(o) = -4*o + o**d - 6 - 3*o + 2*o. Calculate c(5).
-6
Let b(l) = 2*l - 7*l + 0 - 2 + 6*l. Calculate b(-4).
-6
Let y be (0/(-2))/((-2)/1). Suppose y = 3*u - 1 + 4. Let s(m) = 12*m**2 + 8*m + 7. Let z(g) = -25*g**2 - 17*g - 15. Let b(c) = 13*s(c) + 6*z(c). Give b(u).
5
Let q(n) = -12*n**3 + 7*n**2 - 5*n - 7. Let g(m) = -6*m**3 + 4*m**2 - 3*m - 4. Let d(l) = -7*g(l) + 4*q(l). Let x = 3 + 1. Suppose 3*f = 1 - x. Calculate d(f).
5
Let h(r) = r**3 - r**2 - r + 1. Let x be h(0). Let k(n) = -7*n**3 - 2*n**2 + 1. Calculate k(x).
-8
Let q = 14 + -12. Let v(x) = -x**3 + x**2 - x + 2. Give v(q).
-4
Let p(q) be the third derivative of -q**6/240 + q**5/30 - q**4/8 - 3*q**2. Let z(j) be the second derivative of p(j). Give z(3).
-5
Let g(u) = 2*u**2 - 2*u + 1. Suppose -5*f = 2*a - 0*a - 6, -5*f + 3*a = -16. What is g(f)?
5
Suppose p + 9 = 4*p. Let z(u) = -u**3 + 4*u**2 - u - 2. Determine z(p).
4
Let m(v) be the third derivative of v**8/20160 - v**7/720 - v**6/360 - v**5/20 + 2*v**2. Let j(l) be the third derivative of m(l). What is j(5)?
-12
Let r = -31 - -37. Let h(t) = -t + 6. Calculate h(r).
0
Let z(y) = y**3 + 3*y**2 - 8*y - 9. Let r be z(-4). Let k(u) = -u + 2. Give k(r).
-5
Let l(i) = i**2 + 5*i + 3. Let b be (3 + -1)*(-3)/(-2)*-1. Calculate l(b).
-3
Let s = 0 + 3. Let j(d) = 3*d**2 + 2 + 2*d**3 - d**s + 0*d**2. Suppose 17 = l - 5*f, 0 = 3*l - 3*f - 3. Give j(l).
2
Let m(l) = -l**3 + 3*l**2 + 4*l - 6. Let k = 15 + -13. Suppose -5*r + k*r = -12. What is m(r)?
-6
Let o(n) = -n - 1. Let d(g) = -g**2 + 7*g + 26. Let q be d(10). Determine o(q).
3
Let k(r) = -4*r - 7*r + 10*r + 0*r - 4. Calculate k(5).
-9
Let y(f) = f - 2. Let q(r) = -r**3 - 4*r**2 + r - 1. Let p be q(-4). Calculate y(p).
-7
Let r(h) = -60*h**2 + 2*h**3 + 116*h**2 - h - 57*h**2. Calculate r(-1).
-2
Let m(j) be the second derivative of -j**3/6 - 7*j**2 + 36*j. Calculate m(-7).
-7
Suppose -5*j - 35 = -3*r - j, -5*j = 25. Let w(p) = -p**2 + 4*p - 1. Determine w(r).
-6
Suppose 3*n + 3*y = -18, 3 = n + 5*y + 13. Let i be 1*n*(-1 + 2). Let w(h) be the third derivative of h**4/24 + h**3 - 406*h**2. Calculate w(i).
1
Let v(z) = -z**2 + 0 + 3 - 2 + 0. Determine v(0).
1
Suppose -2*v + p + 5 - 2 = 0, 2*v + p + 3 = 0. Let g(q) = q + 7. What is g(v)?
7
Suppose 5*p - 4*x = p - 12, -4*p = -x + 9. Let b(q) = -q**2 - 2*q - 1. Give b(p).
-1
Let k(v) = 2 - 7*v + 9*v - v. Give k(6).
8
Let o(h) be the third derivative of h**5/30 + h**4/24 - h**3/6 - 2*h**2. Suppose -3*p - 4*f = -p - 2, 4*p - 37 = 3*f. Let l = -6 + p. Calculate o(l).
2
Let u(r) = -r + 9. Let z be u(8). Let k(h) = 2*h**3 - h**2 - h + 1. Let x(o) = -o**3 - o**2 + o + 1. Let t(j) = z*x(j) + k(j). What is t(3)?
11
Let z(y) = -y**2 - y - 1. Let s(g) = 4*g**2 + 8*g + 8. Let o(x) = -s(x) - 3*z(x). Calculate o(-7).
-19
Let a be 3/(-6)*1/((-1)/(-8)). Let h(f) = f**2 + 6*f - 5. Calculate h(a).
-13
Suppose -2*b - 2*n - 6 = 0, -12 = b + 7*n - 3*n. Let m(d) be the first derivative of -d**2/2 - 7*d - 116. Give m(b).
-7
Let a(u) = 10*u**3 - 4*u**2 - 2 - 11*u**3 + 4*u + 0*u**3. Suppose -6*c = -2*c + 2*q + 10, 5*q + 25 = -5*c. Suppose c = 5*z + 8 + 17. Determine a(z).
3
Let r(y) = 10 - 9 - y + y - y**2. Determine r(0).
1
Let z be -1*(2 + -2 - -2). Let s(f) = f - 2. What is s(z)?
-4
Su